ulate the remainder when 2458847 is divided by 233.
231
Calculate the remainder when 1470914 is divided by 515.
74
Calculate the remainder when 7521966 is divided by 502.
500
What is the remainder when 728247043 is divided by 964?
955
What is the remainder when 5489226 is divided by 189278?
164
What is the remainder when 55110375 is divided by 18370106?
57
Calculate the remainder when 4088487 is divided by 33.
18
Calculate the remainder when 15805392 is divided by 2673.
2616
Calculate the remainder when 3477 is divided by 145.
142
What is the remainder when 24527802 is divided by 13718?
18
Calculate the remainder when 25567712 is divided by 24.
8
Calculate the remainder when 668141 is divided by 505.
26
What is the remainder when 1754926 is divided by 52?
30
Calculate the remainder when 3573147 is divided by 14765.
17
Calculate the remainder when 4120209 is divided by 630.
9
What is the remainder when 15625469 is divided by 555?
554
Calculate the remainder when 40834 is divided by 295.
124
What is the remainder when 59785 is divided by 3093?
1018
What is the remainder when 786682 is divided by 287?
15
What is the remainder when 19053837 is divided by 591?
588
Calculate the remainder when 126184878 is divided by 40.
38
Calculate the remainder when 8437177 is divided by 5374.
5371
What is the remainder when 4804843 is divided by 31?
29
What is the remainder when 14190564 is divided by 53549?
79
What is the remainder when 3373032 is divided by 198412?
28
What is the remainder when 208872 is divided by 67?
33
Calculate the remainder when 68710064 is divided by 84.
80
What is the remainder when 216074 is divided by 71604?
1262
Calculate the remainder when 128981 is divided by 581.
580
What is the remainder when 6018773 is divided by 799?
705
Calculate the remainder when 71238315 is divided by 1656705.
0
What is the remainder when 18830902 is divided by 60?
22
Calculate the remainder when 432750399 is divided by 126.
123
Calculate the remainder when 8340 is divided by 1916.
676
What is the remainder when 5090673 is divided by 141406?
57
Calculate the remainder when 2990747 is divided by 9970.
9717
Calculate the remainder when 180736 is divided by 16373.
633
Calculate the remainder when 28397629 is divided by 3076.
3073
What is the remainder when 424582 is divided by 18?
16
Calculate the remainder when 61583797 is divided by 24.
13
Calculate the remainder when 3360528 is divided by 672103.
13
Calculate the remainder when 69124 is divided by 66535.
2589
Calculate the remainder when 880437 is divided by 242.
41
What is the remainder when 61800380 is divided by 702277?
4
Calculate the remainder when 795783 is divided by 795564.
219
Calculate the remainder when 653685 is divided by 3985.
145
What is the remainder when 59431 is divided by 309?
103
Calculate the remainder when 49557 is divided by 9073.
4192
What is the remainder when 254624 is divided by 18184?
48
What is the remainder when 638627 is divided by 212590?
857
What is the remainder when 423559 is divided by 26?
19
What is the remainder when 27733887 is divided by 52?
51
Calculate the remainder when 15730616 is divided by 64.
56
Calculate the remainder when 481468 is divided by 285.
103
Calculate the remainder when 81290 is divided by 721.
538
Calculate the remainder when 6168937 is divided by 160.
137
What is the remainder when 9702524 is divided by 104?
52
What is the remainder when 157507696 is divided by 56?
24
Calculate the remainder when 26759930 is divided by 84.
50
Calculate the remainder when 69761 is divided by 4430.
3311
Calculate the remainder when 11815833 is divided by 1426.
1423
Calculate the remainder when 3883313 is divided by 431476.
29
Calculate the remainder when 234311559 is divided by 319.
317
What is the remainder when 3087551 is divided by 145?
66
What is the remainder when 442308 is divided by 1250?
1058
Calculate the remainder when 6146598 is divided by 1837.
1833
Calculate the remainder when 475203 is divided by 2036.
815
What is the remainder when 388250 is divided by 601?
4
Calculate the remainder when 54116429 is divided by 13529097.
41
Calculate the remainder when 24120 is divided by 88.
8
What is the remainder when 292606 is divided by 29255?
56
Calculate the remainder when 511412 is divided by 338.
18
What is the remainder when 398773 is divided by 99665?
113
What is the remainder when 3319 is divided by 2996?
323
Calculate the remainder when 2395361 is divided by 35.
31
What is the remainder when 916308 is divided by 46?
34
What is the remainder when 629105 is divided by 52370?
665
What is the remainder when 9650087 is divided by 703?
6
What is the remainder when 955182 is divided by 3850?
382
Calculate the remainder when 111375648 is divided by 22739.
26
Calculate the remainder when 69280137 is divided by 4173.
4164
What is the remainder when 8219712 is divided by 1148?
32
Calculate the remainder when 192384 is divided by 64067.
183
What is the remainder when 40704 is divided by 7610?
2654
What is the remainder when 2291853 is divided by 190981?
81
Calculate the remainder when 26218 is divided by 11726.
2766
What is the remainder when 911262 is divided by 997?
4
Calculate the remainder when 4414883 is divided by 66.
11
What is the remainder when 8220783 is divided by 41?
37
What is the remainder when 757560454 is divided by 9?
7
What is the remainder when 9550637 is divided by 3532?
109
What is the remainder when 23586 is divided by 3400?
3186
Calculate the remainder when 438179 is divided by 2622.
305
Calculate the remainder when 90573353 is divided by 446174.
31
Calculate the remainder when 13325045 is divided by 144.
5
Calculate the remainder when 299640 is divided by 74837.
292
Calculate the remainder when 41645 is divided by 13358.
1571
What is the remainder when 745141 is divided by 93054?
709
Calculate the remainder when 239681 is divided by 611.
169
Calculate the remainder when 513116 is divided by 80.
76
Calculate the remainder when 6842570 is divided by 82.
80
Calculate the remainder when 1528191 is divided by 1528040.
151
Calculate the remainder when 81528 is divided by 15.
3
Calculate the remainder when 27445 is divided by 8483.
1996
What is the remainder when 189614985 is divided by 32231?
12
What is the remainder when 27891218 is divided by 238?
236
Calculate the remainder when 197708 is divided by 65869.
101
Calculate the remainder when 11952 is divided by 1479.
120
What is the remainder when 15357907 is divided by 183?
181
What is the remainder when 194527 is divided by 1149?
346
What is the remainder when 4921902 is divided by 20?
2
What is the remainder when 7717 is divided by 762?
97
What is the remainder when 265578984 is divided by 32824?
0
What is the remainder when 16406 is divided by 910?
26
Calculate the remainder when 163028 is divided by 54054.
866
Calculate the remainder when 862280 is divided by 3253.
235
What is the remainder when 7066 is divided by 4929?
2137
What is the remainder when 5375296 is divided by 906?
904
What is the remainder when 2342340 is divided by 24?
12
What is the remainder when 457768 is divided by 457750?
18
Calculate the remainder when 2689314 is divided by 48.
18
Calculate the remainder when 141202 is divided by 1635.
592
What is the remainder when 8238733 is divided by 825?
283
Calculate the remainder when 49750374 is divided by 2615.
2614
What is the remainder when 2753271 is divided by 3425?
2996
What is the remainder when 982168842 is divided by 1869?
1866
What is the remainder when 2185946 is divided by 728612?
110
Calculate the remainder when 21908 is divided by 21796.
112
Calculate the remainder when 31941895 is divided by 15970933.
29
What is the remainder when 10701 is divided by 2252?
1693
What is the remainder when 13892627 is divided by 19?
17
Calculate the remainder when 41057047 is divided by 74.
71
What is the remainder when 242052 is divided by 80674?
30
Calculate the remainder when 757508 is divided by 678.
182
Calculate the remainder when 47652 is divided by 794.
12
Calculate the remainder when 370111 is divided by 31.
2
Calculate the remainder when 310753 is divided by 103575.
28
Calculate the remainder when 110257 is divided by 393.
217
What is the remainder when 266030 is divided b